se
Is 687991708 a multiple of 64?
False
Is 11 a factor of 426466711?
True
Is 8 a factor of 1887584?
True
Is 20 a factor of 2679050240?
True
Is 14035 a factor of 667642733?
False
Does 31 divide 6092368?
True
Is 22 a factor of 6100690?
False
Is 39 a factor of 20643402?
True
Does 25 divide 853039568?
False
Does 20 divide 6264638590?
False
Is 23680551 a multiple of 406?
False
Is 62630370 a multiple of 33?
True
Does 1827 divide 19927528?
False
Is 3209908373 a multiple of 1337?
True
Is 12 a factor of 37413603?
False
Does 12 divide 1588085412?
True
Is 98 a factor of 525330385?
False
Is 6 a factor of 1102697258?
False
Does 1549 divide 20383291?
True
Is 5 a factor of 149466430?
True
Is 2086000 a multiple of 7?
True
Is 79 a factor of 830147818?
False
Does 1379 divide 175001247?
False
Is 429837678 a multiple of 27?
True
Is 31093094 a multiple of 4?
False
Is 85562235 a multiple of 33?
True
Does 61 divide 29106516?
True
Is 142 a factor of 13030755?
False
Does 5 divide 2667995?
True
Is 185262638 a multiple of 153?
False
Is 12752568 a multiple of 6?
True
Is 20195699 a multiple of 17?
False
Is 156154998 a multiple of 3782?
True
Is 9 a factor of 135059247?
True
Is 1171971083 a multiple of 337?
True
Is 516 a factor of 35152449?
False
Is 90454284 a multiple of 86?
True
Is 450536094 a multiple of 4955?
False
Is 1337 a factor of 29409652?
False
Is 6018672 a multiple of 36?
False
Is 715531418 a multiple of 9?
False
Is 50610261 a multiple of 438?
False
Does 1098 divide 249753276?
True
Is 3610749 a multiple of 207?
False
Is 2282213142 a multiple of 21?
False
Does 89 divide 192053990?
True
Does 207 divide 470037591?
True
Does 30 divide 369754070?
False
Does 15 divide 425160940?
False
Does 450 divide 67118908?
False
Does 48 divide 7035850?
False
Is 134 a factor of 65474008?
True
Does 4 divide 613367832?
True
Is 7 a factor of 152325135?
False
Is 68240664 a multiple of 12?
True
Is 1247 a factor of 931507753?
True
Is 20666475 a multiple of 25?
True
Is 61762206 a multiple of 33?
True
Is 2 a factor of 4987001?
False
Is 1575950 even?
True
Is 27 a factor of 109003833?
True
Does 4791 divide 245131515?
True
Is 48 a factor of 62808441?
False
Does 46 divide 64379576?
True
Is 60551177 a multiple of 2302?
False
Is 1330146796 a multiple of 11?
True
Is 3426843 a multiple of 119?
True
Does 197 divide 114000551?
True
Is 44838903 a multiple of 4?
False
Is 238 a factor of 292095870?
False
Is 78814463 a multiple of 1839?
False
Does 1855 divide 63309295?
True
Is 283 a factor of 178287074?
False
Does 10 divide 81894153?
False
Is 32 a factor of 99520?
True
Does 14 divide 142092188?
True
Is 3920777 a multiple of 89?
False
Does 8 divide 8330966?
False
Is 14 a factor of 1655004?
False
Is 755 a factor of 228040200?
True
Is 17129466 a multiple of 265?
False
Is 518 a factor of 14520768?
False
Is 137177216 a multiple of 13?
False
Does 159 divide 537400602?
True
Does 3463 divide 86131736?
True
Is 41 a factor of 6184829306?
False
Is 165965424 a multiple of 222?
True
Does 14 divide 167230?
True
Is 2401412660 a multiple of 190?
True
Is 148701982 a multiple of 4833?
False
Is 108 a factor of 6673130460?
True
Does 11 divide 210651413?
False
Is 738 a factor of 9811364?
False
Is 1150788600 a multiple of 25?
True
Is 13 a factor of 152631934?
True
Does 38 divide 1086781670?
False
Is 180078819 a multiple of 6588?
False
Does 184 divide 292118298?
False
Is 68586500 a multiple of 85?
True
Is 82 a factor of 1260022004?
True
Is 698 a factor of 221488662?
True
Is 602522883 a multiple of 85?
False
Is 36123892 a multiple of 194?
False
Does 8 divide 60499792?
True
Does 111 divide 171015029?
False
Does 113 divide 736852711?
False
Does 121 divide 106136732?
False
Is 573 a factor of 59426164?
False
Does 1310 divide 1896754240?
True
Is 17192520 a multiple of 72?
True
Is 135078230 a multiple of 39?
False
Is 190217475 a multiple of 575?
True
Is 26 a factor of 51203357?
False
Is 31 a factor of 54367211?
True
Does 742 divide 3110715854?
False
Does 345 divide 8328300?
True
Is 3043976767 a multiple of 188?
False
Is 162 a factor of 118668709?
False
Is 84 a factor of 37135140?
True
Is 17516720 a multiple of 164?
False
Is 1915874156 a multiple of 14?
True
Is 9 a factor of 6173982?
True
Does 13 divide 1147446772?
False
Is 72297468 a multiple of 4340?
False
Does 576 divide 375995520?
True
Does 29 divide 2157433366?
True
Does 79 divide 1445294?
False
Is 256767703 a multiple of 346?
False
Is 973 a factor of 905036087?
False
Is 3944642 a multiple of 12?
False
Does 1612 divide 3551236?
True
Is 657856810 a multiple of 23?
True
Does 59 divide 29582010?
True
Is 197 a factor of 45147869?
True
Does 4256 divide 3955883904?
True
Is 1097 a factor of 121412122?
False
Is 3333426585 a multiple of 2035?
False
Does 2579 divide 34883721?
False
Is 807843764 a multiple of 186?
False
Is 6025371 a multiple of 33?
True
Is 844 a factor of 27493300?
True
Is 188 a factor of 43056136?
True
Is 55059500 a multiple of 50?
True
Is 83145302 a multiple of 10?
False
Is 400614153 a multiple of 1396?
False
Does 186 divide 30256062?
True
Is 5 a factor of 1151646332?
False
Is 26 a factor of 288150330?
True
Does 2 divide 10871859?
False
Is 13 a factor of 2477241109?
False
Does 12 divide 427984285?
False
Is 544 a factor of 247861088?
True
Is 10786945 a multiple of 297?
False
Is 71156058 a multiple of 126?
False
Does 13 divide 26686012?
False
Does 14 divide 355038824?
True
Is 36 a factor of 92201832?
True
Is 48317195 a multiple of 1535?
True
Is 80 a factor of 151339622?
False
Does 1653 divide 17358153?
True
Is 2972 a factor of 953848540?
True
Is 262 a factor of 125709378?
False
Is 3703236 a multiple of 4?
True
Is 3351831007 a multiple of 13?
False
Is 226672 a multiple of 15?
False
Does 236 divide 48881715?
False
Is 5 a factor of 95442390?
True
Does 1100 divide 145368300?
True
Does 21 divide 16099660?
False
Is 400244359 a multiple of 23?
False
Is 23 a factor of 166580814?
False
Does 4 divide 503640?
True
Is 11758526 a multiple of 17?
True
Does 126 divide 121672526?
False
Does 33 divide 151342094?
False
Is 56949283 a multiple of 79?
True
Is 410087825 a multiple of 7?
True
Is 9225 a factor of 2691144675?
True
Is 92405352 a multiple of 104?
True
Does 789 divide 168314214?
True
Is 4721 a factor of 324844642?
False
Is 4824 a factor of 64033776?
True
Is 278 a factor of 39810712?
True
Is 7 a factor of 54881407?
True
Does 2 divide 13844597?
False
Is 1343389517 a multiple of 2044?
False
Is 9135104 a multiple of 1622?
True
Is 1843 a factor of 358579609?
True
Is 1414749147 a multiple of 50?
False
Is 258111207 a multiple of 2?
False
Is 34428736 a multiple of 16?
True
Is 17 a factor of 525805410?
True
Is 191 a factor of 76897937?
True
Is 51 a factor of 1616265605?
False
Is 41447700 a multiple of 14?
True
Is 946 a factor of 41973074?
True
Is 636 a factor of 1894644?
True
Does 3913 divide 1594637499?
True
Does 7 divide 120097060?
False
Is 125 a factor of 1201500?
True
Is 102129346 a multiple of 1367?
False
Is 55482840 a multiple of 56?
True
Does 32 divide 7068576?
True
Does 2538 divide 41252652?
True
Is 72 a factor of 10792584?
True
Is 159 a factor of 30328850?
False
Is 494703734 a multiple of 161?
True
Is 7 a factor of 1140005176?
False
Is 1630 a factor of 1174463835?
False
Does 74 divide 47603090?
True
Is 88 a factor of 74246614?
False
Is 3816 a factor of 203015016?
True
Does 137 divide 115591350?
False
Is 85229341 a multiple of 42?
False
Is 1472 a factor of 17965760?
True
Does 4 divide 9288942?
False
Does 83 divide 422214194?
True
Is 565 a factor of 1996879733?
False
Is 957173 a multiple of 743?
False
Does 4464 divide 151079616?
True
Is 122 a factor of 2129111764?
False
Is 744593318 a multiple of 4802?
True
Is 1133853897 a multiple of 517?
True
Does 24 divide 17696731?
False
Is 124886995 a multiple of 36?
False
Is 74 a factor of 312365840?
True
Does 160 divide 135794568?
False
Is 143978830 a multiple of 47?
False
Is 119152431 a multiple of 27?
True
Does 126 divide 46366278?
False
Is 115464204 a multiple of 36?
True
Does 1213 divide 20672436?
False
Does 46 divide 59654806?
False
Is 16 a factor of 8179152?
True
Is 394313474 a multiple of 4704?
False
Is 5 a factor of 7393894?
False
Is 23557896 a multiple of 9?
True
Is 390202164 a multiple of 3186?
True
Is 458141925 a multiple of 51?
T